f d?
1
Let m(i) = -5*i**2 - 17*i - 6. Let v(c) = -2*c**2 - 6*c - 2. Let j(f) = 4*m(f) - 11*v(f). Let t be j(-2). What is the units digit of 44/t + (-3)/(-5)?
5
Let s = -34 + 53. What is the tens digit of s?
1
Let m(o) = -17*o**2 - 3*o - 3. Let f be m(-2). Let z be 2/(-10)*2*f. Let j = -18 + z. What is the units digit of j?
8
Let w be 2/4 + 26/(-4). Suppose -2*u = -u - 4. What is the units digit of (-2 - 2)/(u/w)?
6
Let g = -4 + -55. Let t = -30 - g. What is the units digit of t?
9
Let c(s) = s**3 - 2*s**2 - 5*s + 2. Let d be ((-6)/15)/((-1)/10). What is the tens digit of c(d)?
1
Let d(v) = 3*v**2 - 2. Let n be d(4). Let c = n + -28. What is the units digit of c?
8
Let g = -11 + 5. What is the units digit of (-3)/g + 34/4?
9
Suppose -2*c - o - 7 = -3*c, 5*o + 5 = -5*c. Suppose -k + 5*l - 3 = 0, l - c = -k - 6. What is the units digit of (4 - 8)*k/2?
6
Suppose -2*d + 371 = 5*d. What is the units digit of d?
3
Let g(w) = w**2 + 7*w - 3. Let k be g(-8). Let o(m) be the second derivative of m**5/20 - m**4/2 + m**3 + m**2/2 - 2*m. What is the units digit of o(k)?
6
Let v(n) be the second derivative of n**5/20 - n**4/12 + 19*n**2/2 + 2*n. What is the tens digit of v(0)?
1
Suppose -5*o + 696 = 191. What is the hundreds digit of o?
1
Let g be 3/(-18)*2*12. What is the tens digit of (6 + g)*3*5?
3
Suppose 5*o = c + 872, -5*o - 5*c + 887 = -c. What is the tens digit of o?
7
Let b = -8 + 10. Suppose b*r = -r. Suppose r = 4*c - c - 21. What is the units digit of c?
7
Let t be (1/2)/(2/(-24)). What is the units digit of ((-3)/t)/(1/36)?
8
Let v(i) = i**3 - 13*i**2 + 2*i - 13. What is the tens digit of v(13)?
1
What is the units digit of (2/4)/((-1)/(-104))?
2
Suppose 0 = 4*r + 20, -2*q - 4*r - r - 157 = 0. What is the units digit of 1/((-201)/q + -3)?
2
Suppose u = -2*u + 4*m + 149, -m - 48 = -u. What is the tens digit of u?
4
Let y = 15 + 45. What is the units digit of y?
0
Let o be 9/(-6)*-2*1. Let v = -3 + o. What is the units digit of 2*(-2 - v)/(-1)?
4
Let j be 0 - 1 - 33/3. Let r be ((-10)/(-8))/(3/j). Let v(o) = -o + 1. What is the units digit of v(r)?
6
Let y(k) be the first derivative of 74*k**3/3 - k**2 - k + 3. Let p be y(-1). Suppose 0 = 3*o, 4*b - 4*o + 15 = p. What is the tens digit of b?
1
Suppose -5*s + 0*a - 5*a = -180, s = 3*a + 56. Suppose 3*m = -8 + s. What is the units digit of m?
1
Suppose m - 4*c + 10 = -0, 3*c = -3*m. Let w = m - -4. What is the units digit of w?
2
Let r(b) = -6*b**3 - 6*b**2 - b + 1. Let c be ((1 + 4)*-1)/1. Let n(a) = -7*a**3 - 5*a**2 - a + 1. Let d(f) = c*n(f) + 4*r(f). What is the units digit of d(1)?
2
Suppose 3*w - 204 = -3. What is the tens digit of w?
6
Let a(t) = -t**2 - 7*t + 2. What is the units digit of a(-7)?
2
What is the units digit of 279/(-6)*2/(-3)?
1
What is the tens digit of (-135)/(-27)*26/10?
1
Let v = -1 - 1. Let m = -2 - v. Suppose -5*h - 3*k + 15 + 29 = m, 5*h + 2*k - 46 = 0. What is the tens digit of h?
1
Let a(m) = m**2 + m + 1. Let w be a(-1). Let u be (-10)/5*14/w. What is the units digit of 18/12*u/(-3)?
4
Let g be 1 - 1 - (-4 + 1). Suppose g*r - 5*r = -18. What is the units digit of r?
9
Let j(o) = o**2 + 2*o - 4. What is the tens digit of j(4)?
2
Let w(d) = d**3 + d**2 - 3*d. Let g be w(-3). What is the tens digit of (-3)/(g/60) + -1?
1
Let q be (1 - -51)/(2 + -3). Let d = q + 88. What is the tens digit of d?
3
Let h(x) = -7*x - 30. What is the tens digit of h(-15)?
7
Let y be (-1)/(4/(-48))*-1. Let n = 35 + y. What is the tens digit of n?
2
Suppose 2*q = q + 2. Suppose -6 = -4*f - 2*k, -q*k = 5*f + k - 7. What is the units digit of f?
2
Suppose -x = 4*x - 140. What is the units digit of (6/7)/(4/x)?
6
What is the tens digit of (-1)/2 + (-205)/(-2)?
0
Let y be 6/9*3 + 7. Suppose -4*o - 5*l + 36 = 0, 5*l - 11 - y = 0. What is the units digit of o?
4
Let x(l) = l**3 - 6*l**2 - 8*l + 6. Let p be x(7). Let t be ((-2)/(-1))/(p + -1). What is the units digit of t/(-3)*(-24)/(-4)?
2
Suppose 7*v = 2*v. Let g = 24 + v. What is the tens digit of g?
2
Let t be (-20)/6*(-2 + -1). Let n = t - 7. Let q(u) = -u**3 + 3*u**2 + u - 2. What is the units digit of q(n)?
1
What is the hundreds digit of (-5 - -5 - 311)*-1?
3
Let r = 3 + 8. What is the units digit of r?
1
Let d(y) be the first derivative of y**3/3 + y**2/2 - 4*y - 3. Suppose -4*p - 8 = 2*m, 0 = -p - p - 5*m + 12. What is the units digit of d(p)?
8
Suppose 4*x + 6*o = 8*o + 848, 2*o - 207 = -x. What is the hundreds digit of x?
2
Let s be -2*(-1)/(-2)*0. Suppose -4*c = -s*c. Suppose c + 1 = v. What is the units digit of v?
1
Let h(x) = -x**2 - 10*x - 7. What is the units digit of h(-7)?
4
Suppose d - 9 = -c, 3*d - 2*c = 59 - 22. What is the units digit of d?
1
Let y(z) be the third derivative of z**6/120 + z**5/6 + 5*z**4/12 + 5*z**3/3 - z**2. What is the units digit of y(-9)?
1
Suppose -q + 129 = 5*v, -2*v = -0*v - 5*q - 57. What is the tens digit of v?
2
Let v = 8 - 15. Let q(i) = -2*i - 2*i + 5*i + 13. What is the units digit of q(v)?
6
Let l be 1 - 0/3 - -2. Suppose s = l*s - 24. Suppose -3*u + 39 - s = 0. What is the units digit of u?
9
Let n be 38/(-4) + 1/2. Let g = 11 + n. Suppose -2*h - 5*p + 45 = -0*p, 38 = g*h - 2*p. What is the tens digit of h?
2
Let y(s) be the first derivative of s**4/4 - s**3/3 + 3*s**2/2 - 3*s - 1. Let g be (-7)/(-3) + (-3)/9. What is the units digit of y(g)?
7
Suppose -2 = b + 2*n, 0 = 3*b + 2*n + 27 - 5. Let c be b*(-1)/(-5)*-14. Suppose -4*q + c = -0. What is the units digit of q?
7
Let v(c) = c**3 - 13*c**2 + 12*c + 8. Let f be v(12). What is the tens digit of (-2)/f*-2*38?
1
Let g = 251 - 176. What is the units digit of g?
5
Let o(d) = d**3 - 5*d**2 + 3*d - 2. Let n be o(3). What is the units digit of (n/(-3))/((-6)/(-18))?
1
Let v be (-15)/(-20) - (-650)/8. Let s = v + -44. What is the tens digit of s?
3
Suppose -u + 13 = -61. What is the tens digit of u?
7
What is the units digit of (-4)/6 - 455/(-39)?
1
Suppose 1 = n - 2. Let k(f) = f**n + 5*f + 7*f - 7 - 7*f**2 - f - 3*f. What is the units digit of k(6)?
5
Let p(b) be the third derivative of 0 + 1/3*b**4 + 0*b - 2*b**2 - 1/6*b**3 - 1/60*b**5. What is the units digit of p(7)?
6
Let u = -7 - -9. Let f(n) = -n**3 + 2*n**2 + n + 1. Let g be f(u). Suppose 2*q = g*c + 6 - 3, -3*c = 3*q - 27. What is the units digit of q?
6
Suppose -3*w - 4 = -22. Let i = -4 + w. Let v = 9 - i. What is the units digit of v?
7
Suppose -4 = -i - 2*j - 1, 0 = -3*i - j - 1. Let d(v) = 4 + 1 - 4 + 5*v**2. What is the units digit of d(i)?
6
What is the tens digit of (6/12 + 9/4)*4?
1
Let a = 225 + -79. Suppose 5*v + l - 188 = 5*l, -a = -4*v + l. What is the units digit of 22/18 + (-8)/v?
1
Let v be (-2)/(-8) + (-69)/(-12). Let p be (-2)/4*0/2. Let c = v - p. What is the units digit of c?
6
Let g(h) = 10*h**3 + 4*h**2 - 5*h + 7. What is the units digit of g(2)?
3
Suppose m = 3*t + 1, 0 = -2*t + m - 4*m - 8. What is the units digit of (0 + 1)*(0 - t)?
1
Suppose 5*l - 26 = -11. What is the units digit of l?
3
Suppose 6*g = 3*g - 39. Let o = g + 17. What is the units digit of o?
4
Let f(c) = 2*c**2 - 5*c + 8. What is the units digit of f(8)?
6
Let n(b) = -b**3 - 9*b**2 - 5. Let g be n(-9). Let v = g + 7. Suppose -v*h - 10 = -3*h. What is the tens digit of h?
1
Let x = 3 + -2. Let z(i) = i**3 + 5*i**2 - i - 5. Let v be z(-5). Suppose d = -x, -f + 0*f - 3*d - 1 = v. What is the units digit of f?
2
Suppose 2*w - 51 = -5*a, -3*a + 4*w + w + 12 = 0. Let b = 45 - a. What is the tens digit of b?
3
Let w(b) = b**2 + 4*b. Let v be w(-4). Let u = v + 1. What is the units digit of (14/2 - 2)*u?
5
Let w be (-2)/(-4) + 5/2. Let h = -4 + 4. Suppose -u - 5 = h, 63 = 4*d - w*u + 4*u. What is the tens digit of d?
1
Suppose 173 = 3*p + 8. What is the tens digit of p?
5
Let s be 0/(2/1 - 0). Suppose -5*c + 3 + 2 = s. What is the units digit of c/3 + (-22)/(-6)?
4
Suppose 0*f + 2*f + 2*l - 194 = 0, -2*l = -5*f + 506. What is the units digit of f?
0
Let f(o) = -2*o**2 + 15*o + 14. What is the tens digit of f(7)?
2
Suppose -4*h = -4, -148 = -4*l - 4*h - 24. What is the units digit of l?
0
Let v be (30/25)/(3/(-20)). Let s be (-54)/v + (-3)/4. What is the units digit of (s/15)/(2/50)?
0
What is the tens digit of 19 - 2/(-1) - -4?
2
Let s be ((-1)/(-2))/((-1)/(-26)). Suppose -4*z + b = -s, 0*z + 4*b = -2*